e the greatest common factor of q and f.
11
Let j(h) = 11*h - 23*h + 0 + 10*h + 2. Let b be j(-2). Calculate the highest common factor of 54 and b.
6
Let g be (10 - (-534)/12) + (-3)/(-2). What is the highest common factor of g and 504?
56
Suppose 0 = -24*i + 3069 + 819. Calculate the greatest common factor of i and 3.
3
Suppose -2*b - b = -72. Suppose -3*u + 21 = -b. Let x(p) = 7*p**2 - 23*p + 16. Let f be x(3). What is the highest common divisor of f and u?
5
Suppose -3*p + 1784 = -4*k, -4*p = -5*k + 1278 - 3509. Let n = -303 - k. Calculate the greatest common divisor of n and 28.
28
Let a(d) = 24*d**2 + 31*d + 106. Let t be a(-8). What is the highest common divisor of 68 and t?
34
Let v(c) = -c - 2. Let j be v(-2). Let t = -166 - -169. Suppose -t*w + 8 + 16 = j. What is the greatest common divisor of w and 40?
8
Suppose 4*s + 360 = 13*s. Suppose 0 = -42*w + s*w + 88. What is the greatest common divisor of 4 and w?
4
Suppose 14*j - 18*j = -116. Suppose -41 + j = -p. What is the greatest common factor of p and 132?
12
Let z be (4 - (0 - 6)) + -1. Let n = 25 - z. Let w = 32 - 8. Calculate the highest common factor of n and w.
8
Let r(d) = -d**3 - 7*d**2 - 2*d. Suppose 0 = -6*f - 25 - 17. Let t be r(f). Let x be t - (-3)/12*0. What is the highest common divisor of 21 and x?
7
Let n be (-2430)/(-72) + 2/8. What is the highest common factor of n and 102?
34
Suppose 1290*r - 52 = 1286*r. What is the greatest common divisor of r and 208?
13
Suppose -4*x + i = -9 - 8, 2*i + 10 = 0. Suppose 0 = -c + x*g + 20 + 15, 2*c - 5*g = 69. What is the greatest common factor of 80 and c?
16
Suppose -97*r - 5610 = -102*r. What is the highest common factor of r and 34?
34
Suppose 7*a - 3345 + 657 = 0. Let u = a - 264. Suppose 5*i = 3*c - 0*i - u, -5*c = -5*i - 200. Calculate the greatest common factor of 10 and c.
10
Let j = -19 + 40. Calculate the highest common factor of j and 364.
7
Let u(j) = j**2 + 2*j + 28. Let t be u(-9). Calculate the highest common factor of t and 26.
13
Suppose 2*p = -5*r + 178, 5*r - 4*p - 260 = -76. Let y = -94 - -106. Let g be ((-1065)/y)/(-5) - (-2)/8. What is the greatest common divisor of g and r?
18
Let b(k) = 3*k**3 + k**2. Let r be b(2). Suppose 14*h - 2171 - 573 = 0. Calculate the greatest common divisor of r and h.
28
Suppose -3*d + 10 = 1, -4*d + 22 = 2*p. Calculate the greatest common factor of 115 and p.
5
Let s = 33 + -21. Suppose -6*o - s = -9*o. What is the greatest common divisor of o and 12?
4
Suppose -50 = -4*i - s + 26, 0 = 5*i + 3*s - 102. What is the greatest common divisor of i and 126?
18
Let u(w) = w**3. Let z be u(1). Let i = z + 99. Let l be (-3)/(-1 - i/(-112)). Calculate the greatest common divisor of l and 84.
28
Let r(j) = 10*j + 25. Let o = -14 + 22. Let c be r(o). Calculate the greatest common divisor of 21 and c.
21
Let d(j) = -j**2 + 8*j + 2. Let m be d(4). Suppose v + 24 = 5*v. What is the greatest common factor of m and v?
6
Suppose 17 = 21*i - 25. Calculate the greatest common factor of i and 16.
2
Let a = -2 + 54. Suppose a = z + z. Suppose -60*q + 2074 = -2524 - 82. Calculate the greatest common factor of q and z.
26
Let o(y) = 4*y - y**2 - 15*y + 6*y - 46 + 20*y. Let c be o(10). Calculate the greatest common factor of 28 and c.
4
Let j be 14/10 - (-37224)/90. What is the highest common factor of 747 and j?
83
Let f = 1 + 2. Suppose -3*i - 2*k + 14 = 0, i + 9 + 5 = 4*k. Suppose 5*q + 5*l - 35 = 0, -9 - 12 = -f*q - i*l. What is the highest common divisor of q and 35?
7
Suppose -3*y = -3*f - 5*y + 24, 5*f + y - 40 = 0. What is the greatest common divisor of 22 and f?
2
Let j = -141 + 137. Let x(k) = -k + 3. Let c be x(j). Calculate the greatest common factor of c and 35.
7
Suppose 4*p = 5*y - 56 - 51, 4*p - 7 = -y. What is the highest common divisor of y and 437?
19
Let d = -53 - -56. Suppose s - d*c = c + 1, 4*s + c = 4. What is the greatest common divisor of s and 1?
1
Suppose -3*q + 1294 = 916. What is the highest common factor of 882 and q?
126
Let g(z) = -z**2 + 27*z - 70. Let f be g(23). Let l be 2/(-1) + -1 + 5. Calculate the highest common divisor of l and f.
2
Suppose 0 = 3*f + 2 + 1. Let s be (f - -3)/(1/(-4)). Let z be s*1/2*-1. Calculate the greatest common factor of 44 and z.
4
Suppose -2*f = 2*f - 20. Suppose 22 = -0*m + 4*m + 2*q, -f = -q. Suppose 6 = -x + 3*x. What is the greatest common divisor of x and m?
3
Suppose -2*z = -37 - 133. Let q be (-6)/(((-4)/(-2))/(-70)). Let n = q - z. What is the greatest common divisor of 25 and n?
25
Suppose -5*c - 3*k = 0, c + 3*k + 2*k = -22. Let t = 6 - c. Suppose -4*s + 83 = 3*y, 0 = -y - 3*y - 3*s + 99. Calculate the highest common divisor of y and t.
3
Suppose 0 = -m - 2, -m - 441 - 518 = -3*i. Calculate the highest common factor of i and 29.
29
Let x = 163 + 240. Calculate the greatest common factor of x and 31.
31
Suppose -3*v + 629 - 211 = 5*m, -v = -4*m - 145. What is the greatest common divisor of v and 3?
3
Suppose -3*d = -1854 - 60. Let o = d - 118. Suppose 2*t - o = -3*t. What is the greatest common factor of t and 13?
13
Suppose 0 = 3*h - 5*k + 6, k = 3*h - 6*h + 12. Suppose 4*a - 4 = -8. Let o be 0/a - 63/(-7). What is the greatest common divisor of h and o?
3
Let y(o) = 3*o + o - 1 - 4 - 19. Let l be y(13). What is the highest common factor of l and 7?
7
Let r be (4/24*-16)/((-4)/6). Calculate the greatest common factor of 340 and r.
4
Let h = 30 - 12. Suppose -190*u + 186*u + 36 = 0. What is the highest common factor of h and u?
9
Let l be (-26)/(-39) + (-4)/6 - -270. What is the highest common factor of 10 and l?
10
Let s be (-4 + 4 - -27) + 0. Suppose 7*q - 49 = 77. Calculate the greatest common divisor of q and s.
9
Let y = -23 - -26. Suppose -n = -3 + 1. Suppose 4*s - 21 = 3*s + 4*b, 5*s = -n*b + 105. What is the greatest common divisor of y and s?
3
Let h = 2127 + -2080. Calculate the greatest common divisor of h and 1269.
47
Let b(c) = -132*c - 24. Let l be b(-2). What is the greatest common factor of 1320 and l?
120
Suppose y = 90 + 35. Let w be 1/5 + (-36)/(-20). Suppose -w*u + 50 = -0*u. Calculate the greatest common factor of u and y.
25
Let i(b) = b**2 + 8*b + 7. Let y be i(-7). Suppose -78 = 3*w - 3*c, y*c + 6 = 3*c. Let h be (16/w)/((-2)/3). Calculate the greatest common factor of 3 and h.
1
Let a(m) = 5*m + 40. Let b be a(13). Let k = b - 94. Calculate the greatest common factor of k and 275.
11
Suppose 14*q = -88 + 662. Let z be (-23)/(-5) - (-2)/5. Suppose 0 = -v + z*r + q, v - 289 = -3*v - 5*r. What is the highest common factor of 6 and v?
6
Let t(u) = 5*u**2 + 11*u - 61. Let q be t(7). What is the greatest common factor of q and 29?
29
Let z(d) = d. Let j(r) = r**2 - 10*r + 5. Let m(b) = j(b) + 3*z(b). Let k be m(8). Suppose -2*y = -4*y + 104. Calculate the highest common factor of y and k.
13
Suppose 0 = -7*s - 12*s + 2907. What is the greatest common factor of 136 and s?
17
Let z be (-2)/(-6) - (-1 + 20/6). Let u be (-128)/4*z/4. Calculate the greatest common factor of u and 24.
8
Let d be 15/(-10)*(-392)/21. Calculate the greatest common factor of 8 and d.
4
Let g be ((-468)/(-6) + 18/3)/1. What is the greatest common divisor of 216 and g?
12
Let c = -51 + 51. Let z be -21*(c/(-4) + 2 - 3). Calculate the highest common factor of z and 84.
21
Let b = 2 + 2. Calculate the highest common factor of b and 188.
4
Let y = -51 + -40. Let c be (y/21)/(3/(-9)). What is the greatest common divisor of c and 13?
13
Let q(c) = 8*c**2 + 16*c + 56. Let j be q(-4). What is the greatest common factor of j and 195?
15
Suppose -1 = -u + 6. Suppose 6 = -4*b + u*b. Let q = b + 10. Calculate the highest common factor of q and 8.
4
Suppose 2*i - 12 = -i. Let r = 324 + -192. Suppose i*v - r = 12. Calculate the highest common divisor of 12 and v.
12
Suppose 6*z = 2*z + 20, 5*l + z = 100. What is the greatest common divisor of 95 and l?
19
Let b = 169 - 91. What is the greatest common divisor of 208 and b?
26
Let d be ((-18)/(-4))/((-4)/(-8)). Suppose 0 = -k - 3*w + 60, 4*w - 8*w - 16 = 0. What is the greatest common factor of k and d?
9
Suppose 0 = 2*k + k - 24. Calculate the greatest common factor of k and 104.
8
Let y(s) = -s**3 - 2*s. Let n be y(0). Suppose -5*v + n*v + 90 = 0. Calculate the highest common factor of 198 and v.
